 common divisor of j and 55?
5
Suppose 1042 = 7*v - 267. Calculate the highest common divisor of v and 34.
17
Suppose -75 = -2*t + r + 2*r, -5*r - 65 = -2*t. Suppose 6*x = -14 + 122. What is the greatest common factor of x and t?
9
Let x be 62/4 + (-1)/2. Let l be 36*((-22)/(-4))/(5 - 4). Let o be 6/x + l/5. Calculate the highest common divisor of 16 and o.
8
Let c = -133 - -134. Let n = -11 - -14. What is the greatest common factor of n and c?
1
Let q = 120 + -99. What is the highest common factor of 35 and q?
7
Let a be (-4)/6*(-33)/(-4)*-20. Let z = -11 + 21. What is the greatest common factor of z and a?
10
Let w(c) = -2*c**2 + 33*c + 104. Let x be w(18). Calculate the greatest common divisor of x and 1975.
25
Let d be (-2 + -53)*-2*(-3)/(-6). Let s = d - 50. Let j be (30/4)/(1/2). What is the greatest common divisor of s and j?
5
Suppose k + 1049 = -0*o + 5*o, -3*o = -2*k - 628. Suppose 19*q = 22*q - o. What is the highest common divisor of 14 and q?
14
Let y = -6 + 41. Let l = 46 - y. Calculate the highest common factor of l and 121.
11
Let p = 13 - 25. Let q = 13 - p. Calculate the greatest common divisor of q and 25.
25
Let w(f) = -f**2 + 13*f + 11. Let o be w(10). Let i = o - 41. Suppose -2*m + 37 + 15 = i. Calculate the greatest common factor of 182 and m.
26
Let w be 3 + -4 + 1 - -187. Suppose 2*c - 13 - w = 0. Suppose -2*p + c + 98 = 0. Calculate the highest common factor of 11 and p.
11
Suppose -4*p + 31 = 3*a, 2*p = 4*a - 11 - 1. Suppose -4*g + 190 = a*z - 2*g, -2*g - 26 = -z. Calculate the greatest common divisor of 90 and z.
18
Suppose -4*q + q + 3 = 0. Let p be (0 + (3 - 3))/q. Suppose -2*b + 1 + 35 = p. What is the greatest common factor of b and 9?
9
Let c = -501 - -1056. Calculate the greatest common factor of 15 and c.
15
Let g(q) = q + 3. Let u be g(3). Suppose -x + 6 = 1. Suppose -10 = -x*n + 20. What is the highest common divisor of u and n?
6
Let o(c) = -3*c - 21. Let a be o(-11). Suppose 7 = -q + a. What is the greatest common divisor of q and 1?
1
Let v be 9/5*160/12. What is the highest common divisor of 60 and v?
12
Suppose -6*x - 11 + 275 = 0. Let w be (-1)/(-2) - 21/(-2). Calculate the greatest common factor of w and x.
11
Let g(y) = y**3 - 4*y**2 - 13*y + 16. Let k be g(6). What is the highest common factor of k and 1930?
10
Suppose 17*m - 9946 = 15214. Calculate the greatest common divisor of 40 and m.
40
Suppose -9*i = 2*i - 99. Calculate the highest common divisor of i and 9.
9
Let j = 2094 + -1922. Calculate the greatest common factor of 129 and j.
43
Suppose 0 = -4*p - 1 + 85. Let f(b) = -2*b**3 + 25*b**2 - 14*b + 2. Let l be f(12). Let u = l + 36. Calculate the greatest common factor of u and p.
7
Let x be 15/5*(-2)/(-3). Let j = 6 - x. Suppose -j*b + 362 = 2*m, 4*b = 2*b + m + 179. Calculate the highest common divisor of b and 60.
30
Let w(t) = 12*t - 1 + 2*t**2 + 14*t - 1 + 2*t**2. Let a be w(-7). What is the highest common factor of a and 96?
12
Let b(r) = 3*r**3 + r**2 + 2. Let t be b(-2). Let f = t - -32. Let j(i) = -i**2 - 27*i - 28. Let p be j(-7). Calculate the greatest common divisor of f and p.
14
Let p(v) = 3*v**2 + 10*v - 14. Let y be p(2). Calculate the highest common divisor of y and 306.
18
Suppose 5*l - 35 = -4*q + 56, 0 = -2*q - 2. What is the greatest common factor of 19 and l?
19
Let t = -773 + -137. Let f be t/(-75) - 2/15. Calculate the greatest common divisor of f and 60.
12
Suppose -3*b + 62 = -7*v + 5*v, -v = 2*b - 46. Calculate the greatest common divisor of 143 and b.
11
Suppose 3*n + o + 67 = -82, 5*o - 20 = 0. Let w = n + 64. What is the highest common divisor of 65 and w?
13
Let f be (-6)/(-27) - 326/9. Let z be (3/6)/((-2)/f). Suppose -c + n = -14, -145*c + 4*n + 2 = -147*c. What is the greatest common factor of c and z?
9
Suppose 15*i + 3 = 33. Calculate the highest common divisor of i and 16.
2
Suppose -198 = 3*x - a, 13*a - 16*a = 2*x + 121. Let c = 88 - x. What is the highest common divisor of c and 17?
17
Let f(s) = -28*s - 1. Let j be f(-1). Suppose j = -4*m + 95. Calculate the greatest common factor of m and 68.
17
Let j = 1169 + -1158. Calculate the highest common factor of 946 and j.
11
Let f(c) = 43*c - 54. Let i be f(3). Calculate the greatest common divisor of 90 and i.
15
Let b(m) = -3*m + 29. Let x be b(9). Suppose 8*k + 33 = 4*h + 3*k, -x*k - 10 = 0. What is the greatest common factor of h and 8?
2
Let r(i) = -i + 16. Let m be r(7). Let q(k) = -k**3 + 8*k**2 + 7*k + 37. Let s be q(m). What is the greatest common factor of 38 and s?
19
Let t = -1 + 1. Suppose -2*w - 10 = -3*r, 5*r - 2*w = -t*w + 18. What is the highest common factor of 16 and r?
4
Let z be ((-156)/(-24))/(2/56). Suppose -3*k + z = 4*k. What is the highest common divisor of 2 and k?
2
Let t be (-1)/6 - (-798)/36. Let j be 1/4 - 35/(-20). Suppose 3*i = 2*k - 411, 2*k + j*i + 3*i - 371 = 0. What is the highest common divisor of t and k?
22
Suppose 0 = -5*z, -9*x - 2*z + 25 = -8*x. Calculate the highest common factor of 175 and x.
25
Let c be 17/(17/38) + -6. What is the highest common divisor of c and 44?
4
Suppose -5*h = 2*x - 50, 3*x - 2*h + 20 - 133 = 0. Let n be (((-54)/5)/(-3))/(12/40). Let c = -5 + n. What is the greatest common factor of c and x?
7
Let i(f) = -21*f**2 - 62*f - 3. Let o be i(-2). Calculate the greatest common divisor of o and 37.
37
Suppose 7*k - 10*k = -4*h + 129, -4*h + 4*k = -132. Calculate the greatest common factor of h and 24.
6
Suppose t - 10 = -t. Let x be 63/t - 1*(-8)/20. What is the highest common divisor of x and 52?
13
Let g(v) = -5*v - 3*v + 3 + 5*v + 2. Let d be g(-6). What is the highest common divisor of d and 253?
23
Let b be (22/4)/((-26)/(-884)). Suppose 12*z = -5*z + b. What is the greatest common factor of 11 and z?
11
Let d = -15 + 21. Let i = -2 + d. Suppose -3*m + 3*n = -9, -4*m + 3*n - 7 = -3*m. What is the highest common divisor of i and m?
4
Let v be (94/6)/(2/18). Suppose 54 - v = -3*j. Let c be (-56)/(-6)*((-254)/(-8) - 10). Calculate the greatest common divisor of j and c.
29
Let w(a) = a**3 + 14*a**2 - 4. Let m be w(-14). Let o be 0 + 9/12 - 33/m. What is the greatest common factor of 63 and o?
9
Suppose -26 - 7 = -3*g. Suppose 3 = 3*w - 3, 0 = 5*t - 2*w - g. Suppose 3*n + 2*n + 75 = 5*y, t*n + 29 = 2*y. What is the greatest common divisor of y and 48?
16
Let x(p) = -p**2 - 16*p - 19. Let l be x(-13). Calculate the highest common divisor of 5 and l.
5
Suppose -l = 0, 5*f - 2*f + 4*l = 108. Let n be (0 + 4)*19/(-2). Let p be (n/(-3))/(8/f). Calculate the highest common divisor of p and 19.
19
Let t = -60 - -8. Let z = -37 - t. Let u = 1 + z. What is the highest common divisor of 64 and u?
16
Suppose 2*o + 2*o + 41 = -m, -30 = 3*o + m. Let q = -8 - -1. Let k = q - o. Calculate the highest common factor of 36 and k.
4
Let z be ((-22)/3)/((-2)/18). Let d = 37 + -37. Let m = d - -6. What is the highest common factor of m and z?
6
Let u(q) = -q**3 + 144. Let g be u(0). Let f(y) = 1072*y - 2126. Let o be f(2). What is the highest common divisor of g and o?
18
Let d = -783 - -986. What is the highest common factor of 35 and d?
7
Let u(p) = 4*p - 17. Let w be u(20). Let h = -26 + w. Calculate the greatest common divisor of 296 and h.
37
Suppose 2*n + l = 31, -n - 5*l = 2*n - 64. Let b = -437 - -528. Calculate the highest common factor of b and n.
13
Let l be -7 + 9/(27/255). What is the highest common divisor of 39 and l?
39
Suppose 245 = 4*o + o - 4*q, 25 = 5*q. What is the greatest common factor of o and 424?
53
Let c(v) = v**3 - 9*v**2 + 11*v - 4. Let a(f) = f**2 - f + 1. Let m(k) = -a(k) - c(k). Let i be m(3). What is the greatest common factor of 2 and i?
2
Let u = 162 + -132. What is the greatest common divisor of 80 and u?
10
Suppose 24 = g - 2*m, -g = -38*m + 42*m - 6. Suppose 2*y - 3 = -1. Let i(k) = 28*k**2 - 2*k + 1. Let d be i(y). What is the greatest common factor of d and g?
9
Suppose 0 = 2*p - 7*t + 5*t - 38, 60 = 3*p - 4*t. Let n be -1 - 2*(-81)/2. Calculate the greatest common factor of p and n.
16
Let s = 106 - 104. Suppose -6*f = 5*l - 9*f - 71, s*l + 3*f - 20 = 0. Calculate the greatest common factor of 39 and l.
13
Suppose 0 = -3*g + 2*y + 42 + 62, -171 = -5*g + y. Suppose 0 = 5*b + u - 515, 0*u - 4*u = -3*b + 286. What is the g